rime number?
False
Is 5077 a prime number?
True
Is 7042457 a composite number?
False
Is 7186 a prime number?
False
Is 104341 a composite number?
True
Is 1490057 composite?
True
Is 394833 prime?
False
Is 154321 a prime number?
True
Is 441203 prime?
False
Is 7069 composite?
False
Is 91889 prime?
False
Is 1041 a prime number?
False
Is 521603 prime?
True
Is 320081 a composite number?
False
Is 394301 a composite number?
True
Is 59621 a prime number?
True
Is 258599 a composite number?
True
Is 32099 a composite number?
False
Is 7001921 a composite number?
False
Is 7741 a prime number?
True
Is 1165105 a composite number?
True
Is 10559 composite?
False
Is 26681 composite?
False
Is 92551 composite?
False
Is 119473 composite?
True
Is 14983 a composite number?
False
Is 9461 a prime number?
True
Is 14303 composite?
False
Is 39827 prime?
True
Is 7571383 composite?
False
Is 7568039 a prime number?
True
Is 131429 prime?
False
Is 1841443 prime?
True
Is 31601 a prime number?
True
Is 571 a composite number?
False
Is 4393 prime?
False
Is 4924453 a composite number?
False
Is 2201 prime?
False
Is 19991 prime?
True
Is 742891 composite?
False
Is 294445 a composite number?
True
Is 95591 a composite number?
True
Is 5729 prime?
False
Is 1176481 composite?
True
Is 25609 prime?
True
Is 41063 a prime number?
False
Is 27191 composite?
False
Is 1711 prime?
False
Is 2129 composite?
False
Is 171427 prime?
True
Is 4049 a prime number?
True
Is 1277849 prime?
True
Is 10961 composite?
True
Is 6389 a prime number?
True
Is 20471 a composite number?
True
Is 6521 prime?
True
Is 8779 a prime number?
True
Is 441547 a composite number?
False
Is 1031 a prime number?
True
Is 3749 a composite number?
True
Is 371837 prime?
True
Is 582421 a prime number?
False
Is 180413 prime?
True
Is 378439 a prime number?
True
Is 3989 a prime number?
True
Is 10357 composite?
False
Is 90161 prime?
False
Is 187051 a composite number?
True
Is 100387 prime?
False
Is 56138 prime?
False
Is 3079 a prime number?
True
Is 13567 prime?
True
Is 69053 a prime number?
False
Is 4727 composite?
True
Is 259949 a prime number?
True
Is 15089 a prime number?
False
Is 43853 a prime number?
True
Is 858791 a prime number?
False
Is 1239089 composite?
False
Is 889 prime?
False
Is 451621 prime?
True
Is 484019 prime?
True
Is 57457 prime?
True
Is 15499 a prime number?
False
Is 314491 a prime number?
True
Is 838 composite?
True
Is 216661 a composite number?
False
Is 5513 a prime number?
False
Is 4442665 a prime number?
False
Is 229309 a composite number?
False
Is 24317 prime?
True
Is 7133 composite?
True
Is 4077629 a composite number?
False
Is 1206869 prime?
True
Is 173177 prime?
True
Is 2305 composite?
True
Is 7279 a prime number?
False
Is 627167 prime?
False
Is 2179 a composite number?
False
Is 298283 a prime number?
True
Is 1801 composite?
False
Is 1026941 prime?
True
Is 850105 a composite number?
True
Is 1011163 a prime number?
True
Is 21727 a prime number?
True
Is 1348397 composite?
True
Is 1346671 a composite number?
True
Is 78194 a prime number?
False
Is 505 composite?
True
Is 448769 prime?
True
Is 83687 prime?
False
Is 28277 a prime number?
True
Is 58319 a prime number?
False
Is 140977 prime?
True
Is 9365 composite?
True
Is 100057 a composite number?
False
Is 16771 a composite number?
True
Is 3883 a composite number?
True
Is 46393 a prime number?
False
Is 817889 composite?
False
Is 5105 composite?
True
Is 1257141 prime?
False
Is 7217 composite?
True
Is 44371 prime?
True
Is 144649 composite?
True
Is 64913 prime?
False
Is 61909 prime?
True
Is 58309 prime?
True
Is 46481 composite?
True
Is 124006 a prime number?
False
Is 17059 a prime number?
False
Is 2137 composite?
False
Is 22019 a prime number?
False
Is 20431 prime?
True
Is 2237 composite?
False
Is 36523 a composite number?
False
Is 39761 prime?
True
Is 29851 a prime number?
True
Is 21139 composite?
False
Is 3585506 composite?
True
Is 34457 a prime number?
True
Is 11269 a prime number?
False
Is 75011 composite?
False
Is 3299 a prime number?
True
Is 123661 a prime number?
True
Is 643213 a composite number?
False
Is 24085 a prime number?
False
Is 192737 prime?
True
Is 150079 prime?
False
Is 5509 a composite number?
True
Is 15783 composite?
True
Is 20017 composite?
True
Is 215077 a composite number?
False
Is 9491 a prime number?
True
Is 1757 prime?
False
Is 16217 prime?
True
Is 128302 a composite number?
True
Is 4247 a composite number?
True
Is 506885 a prime number?
False
Is 76411 a composite number?
True
Is 11633 composite?
False
Is 1906595 composite?
True
Is 4721 prime?
True
Is 259151 a prime number?
True
Is 1027 prime?
False
Is 2152763 composite?
True
Is 65281 a composite number?
True
Is 12373 a prime number?
True
Is 831833 prime?
False
Is 3961 a composite number?
True
Is 196621 a composite number?
True
Is 637859 a prime number?
False
Is 479 a prime number?
True
Is 15245 composite?
True
Is 46901 prime?
True
Is 25693 a composite number?
False
Is 1451 a prime number?
True
Is 733 a composite number?
False
Is 1004889 composite?
True
Is 9311 prime?
True
Is 16319 a prime number?
True
Is 375179 a prime number?
False
Is 21881 prime?
True
Is 37489 a composite number?
False
Is 69239 prime?
True
Is 787 a prime number?
True
Is 166514 a composite number?
True
Is 3223 a composite number?
True
Is 319187 prime?
False
Is 107981 composite?
False
Is 35507 composite?
False
Is 3303059 prime?
True
Is 541 a composite number?
False
Is 182551 a composite number?
True
Is 6187 composite?
True
Is 1950995 composite?
True
Is 235913 prime?
False
Is 155039 a prime number?
False
Is 335 a prime number?
False
Is 1073 composite?
True
Is 1249 a composite number?
False
Is 691 prime?
True
Is 1034419 a composite number?
False
Is 96199 composite?
False
Is 447029 composite?
True
Is 10133 a composite number?
False
Is 1694909 prime?
True
Is 680981 composite?
True
Is 739241 a composite number?
False
Is 85051 a composite number?
True
Is 303257 composite?
False
Is 48163 composite?
False
Is 54059 prime?
True
Is 4439 a composite number?
True
Is 22738 composite?
True
Is 965537 composite?
True
Is 462041 a prime number?
True
Is 18287 composite?
False
Is 217043 composite?
True
Is 108689 prime?
False
Is 551689 a prime number?
True
Is 12781 composite?
False
Is 27899 prime?
False
Is 10751 a composite number?
True
Is 343781 a composite number?
True
Is 6583469 composite?
False
Is 42321 prime?
False
Is 16855 a composite number?
True
Is 112099 a prime number?
False
Is 2671 composite?
False
Is 23117 composite?
False
Is 776677 composite?
True
Is 392527 a prime number?
False
Is 80587 prime?
False
Is 40721 composite?
True
Is 68842 a prime number?
False
Is 2669189 prime?
False
Is 83983 composite?
False
Is 214 a composite number?
True
Is 13829 prime?
True
Is 388887 a composite number?
True
Is 68659 a composite number?
False
Is 437 a prime number?
False
Is 51043 a composite number?
False
Is 30395 a prime number?
False
Is 22189 prime?
True
Is 2222219 a prime number?
True
Is 74 a prime number?
False
Is 44803 a composite number?
True
Is 769903 composite?
False
Is 73493 prime?
False
Is 709727 a composite number?
True
Is 254501 prime?
False
Is 51029 prime?
False
Is 57997 a prime number?
False
Is 244609 a prime number?
False
Is 413203 a composite number?
True
Is 1399 composite?
False
Is 923363 prime?
False
Is 2579 composite?
False
Is 256163 composite?
False
Is 474767 prime?
False
Is 174851 a composite number?
False
Is 5909 a prime number?
False
Is 658731 a composite number?
True
Is 73939 prime?
True
Is 391501 prime?
False
Is 835 composite?
True
Is 815767 a composite number?
True
Is 234571 composite?
False
Is 383 composite?
False
Is 352669 a composite number?
True
Is 9613 a composite number?
False
Is 20323 a prime number?
True
Is 3793 a prime number?
True
Is 3589 prime?
False
Is 57037 composite?
False
Is 59181 a prime number?
False
Is 469447 a prime number?
False
Is 66523 composite?
False
Is 117799 composite?
True
Is 5613217 prime?
True
Is 241201 prime?
False
Is 94495 a prime number?
False
Is 127217 a composite number?
False
Is 54617 prime?
True
Is 781 composite?
True
Is 152414 a composite number?
True
Is 11629 a composite number?
True
Is 248971 prime?
True
Is 52229 a composite number?
True
Is 15679 a composite number?
False
Is 1461 a prime numb